 13, what is 91914a - -c?
919159
In base 16, what is -4 + -16def0?
-16def4
In base 13, what is 72aa0 - 1b09?
70c94
In base 15, what is -2585 + 288?
-22ec
In base 10, what is -2616655 - 2?
-2616657
In base 11, what is -5 - 3269a42?
-3269a47
In base 6, what is -103334105 + -40?
-103334145
In base 6, what is -311025134 - 3?
-311025141
In base 5, what is -2013434010 - 10?
-2013434020
In base 16, what is 1 - 522e27?
-522e26
In base 4, what is 20110201213020 + 1?
20110201213021
In base 6, what is 33 + -11405144?
-11405111
In base 10, what is -188277774 - 5?
-188277779
In base 16, what is 2f6d66 - ba?
2f6cac
In base 16, what is 86bb35 - 0?
86bb35
In base 9, what is 14 - -1422785?
1422810
In base 10, what is 3620 + -4296?
-676
In base 5, what is 403312313242 - 4?
403312313233
In base 11, what is -259920 + -27?
-259947
In base 10, what is 438932 - -13?
438945
In base 2, what is 1000001111100101100011 + -101011?
1000001111100100111000
In base 16, what is 20 + -12e7f8?
-12e7d8
In base 15, what is -11d5 - 685d?
-7a43
In base 7, what is -15566164104 - 1?
-15566164105
In base 9, what is -16342 + -250?
-16602
In base 12, what is -1085297 + -12?
-10852a9
In base 9, what is -774067 + 2472?
-771485
In base 3, what is -110112202 + -1001?
-110120210
In base 5, what is -100003042411 + -3?
-100003042414
In base 2, what is 11101010110110 - -1100111110010?
101010010101000
In base 7, what is -2021 + -2104250?
-2106301
In base 15, what is -9 + -dd2c?
-dd36
In base 7, what is 11512 + -166445?
-154633
In base 10, what is 11 + 1378590?
1378601
In base 13, what is -a + -331381?
-33138b
In base 3, what is -1010 - -2111112202002?
2111112200222
In base 13, what is -11c445 + 0?
-11c445
In base 8, what is 1017662 + 72?
1017754
In base 10, what is -24 + -2329941?
-2329965
In base 9, what is 42 - 262665?
-262623
In base 15, what is 2c + 56192?
561be
In base 7, what is 1601453411 - -5?
1601453416
In base 13, what is 354cb8 + -c?
354ca9
In base 6, what is -503 - -1331133?
1330230
In base 14, what is a73db6 + 10?
a73dc6
In base 4, what is 11100032 + 3330002?
21030100
In base 15, what is -41 - -6792d?
678dc
In base 13, what is -1 - c115b94?
-c115b95
In base 9, what is -7040340 - -17?
-7040322
In base 7, what is -3011 + 104303?
101262
In base 3, what is -110110001201201122 - -10?
-110110001201201112
In base 16, what is -4 + 1e64812?
1e6480e
In base 8, what is 143730 + -12571?
131137
In base 12, what is 2 + 45877433?
45877435
In base 14, what is -6c190 - 15b?
-6c30b
In base 4, what is 100 + 11113111030?
11113111130
In base 14, what is -c - -64a637d?
64a6371
In base 12, what is 3a92 - -3b?
3b11
In base 3, what is -201 - 20101011100001?
-20101011100202
In base 6, what is 44 - 125510423?
-125510335
In base 2, what is -110110100110110110110111000 + -11?
-110110100110110110110111011
In base 6, what is -1002014043 - 3?
-1002014050
In base 4, what is -2123 - 313210222?
-313213011
In base 4, what is -1 + 3221000333?
3221000332
In base 5, what is 134312024 + -1101?
134310423
In base 6, what is 254 - -1413454?
1414152
In base 12, what is 6a0718 - -b?
6a0727
In base 4, what is 12031 + -22301130?
-22223033
In base 11, what is -314 + -7587?
-78a0
In base 9, what is 573 - 5862?
-5278
In base 8, what is 76135 + 7270?
105425
In base 11, what is 5 - -31a22414?
31a22419
In base 6, what is -31445405025 + -1?
-31445405030
In base 12, what is -a + 883a298?
883a28a
In base 6, what is -105 + 21540322?
21540213
In base 9, what is 17 + 480760?
480777
In base 9, what is -1660 + 483?
-1166
In base 15, what is 2 - -969111c?
969111e
In base 8, what is -210 - 27060?
-27270
In base 14, what is 6 + 371c660?
371c666
In base 9, what is -45 - 2516344?
-2516400
In base 9, what is 760 - -8350?
10220
In base 7, what is 4 + -2665222?
-2665215
In base 6, what is -45 - -1221411150?
1221411101
In base 5, what is 130231 + 30240?
211021
In base 15, what is -21 - 1e5cdc3?
-1e5cde4
In base 2, what is -101100101111101011101 + -100111?
-101100101111110000100
In base 7, what is 5653405 + 55?
5653463
In base 11, what is 1658a2 + 19?
165910
In base 15, what is 793842c + 4?
7938431
In base 15, what is 1824 - 52da?
-39b6
In base 4, what is 11322113332 + -111?
11322113221
In base 10, what is -4 + 1679698?
1679694
In base 2, what is -100 - -1111000111101001101111?
1111000111101001101011
In base 5, what is -411442213234 - -2?
-411442213232
In base 2, what is 111100011 - 100001011100101011101?
-100001011011101111010
In base 9, what is -13107 - -45166?
32058
In base 4, what is -113000 + -123230332?
-130003332
In base 12, what is -2900098 + -8?
-29000a4
In base 11, what is 81a + -1a5?
625
In base 15, what is -a0 + 1b4b4?
1b414
In base 7, what is -115010 - -2331?
-112346
In base 9, what is -51321 + 168?
-51142
In base 11, what is 307148 + 97?
307234
In base 15, what is 4bd + 18d4?
1da2
In base 12, what is 1333 - -81b6?
9529
In base 12, what is -6 - -584a89?
584a83
In base 16, what is -3b1 + 193?
-21e
In base 6, what is 132455 + 432?
133331
In base 11, what is -a98 + 44731?
43744
In base 13, what is -1332 + c45?
-3ba
In base 15, what is 312aed - b9?
312a34
In base 11, what is 5 - -22198421?
22198426
In base 8, what is -70654101 + -10?
-70654111
In base 3, what is -120110 + -20012011102?
-20012201212
In base 4, what is 1230320203213 + -1?
1230320203212
In base 8, what is -376 + 12530026?
12527430
In base 16, what is 1a5fed - 0?
1a5fed
In base 16, what is 3999743c - -1?
3999743d
In base 7, what is -6226 - 32022?
-41251
In base 7, what is -123 + 5445?
5322
In base 7, what is 405 - 262552?
-262144
In base 9, what is 54 - -126378?
126443
In base 4, what is -11232320 + -311231?
-12210211
In base 8, what is -4552 + 310744?
304172
In base 15, what is 631e + -2943?
38cb
In base 12, what is -40429 + -209?
-40636
In base 10, what is -4598885 + 5?
-4598880
In base 3, what is -2202 + -10102110010002?
-10102110012211
In base 3, what is -122121220211121 + -11?
-122121220211202
In base 6, what is 3433540 - -132?
3434112
In base 8, what is 274 + 735565?
736061
In base 5, what is 11002400132 + -10?
11002400122
In base 2, what is 11011010101 + -1111011011000?
-1100000000011
In base 13, what is -1 - -19a15a22?
19a15a21
In base 9, what is -128 - -4433?
4304
In base 13, what is 0 + 5296a92?
5296a92
In base 4, what is 11131210 - -21201?
11213011
In base 4, what is -3 + 122133030032?
122133030023
In base 6, what is -5045 + -131021?
-140110
In base 12, what is 0 - -a1327b?
a1327b
In base 12, what is 25771b + 18?
257737
In base 13, what is -3517 + -2390?
-58a7
In base 5, what is 441424401 - 232?
441424114
In base 12, what is -1 + 5487a0?
54879b
In base 5, what is -21023 + 1111310?
1040232
In base 5, what is -4 + 1114214200?
1114214141
In base 11, what is -8659 - 1162?
-9810
In base 5, what is 20000004 + -112?
14444342
In base 4, what is -2332113323111 + 13?
-2332113323032
In base 10, what is -8 - 36369143?
-36369151
In base 6, what is 50452310302 - -3?
50452310305
In base 16, what is -1093 - 1b3f?
-2bd2
In base 7, what is 6540105 - -250?
6540355
In base 10, what is 124 - 617017?
-616893
In base 11, what is 195643 - -15?
195658
In base 6, what is -4 + 101053442?
101053434
In base 12, what is -334b52b83 - -1?
-334b52b82
In base 2, what is 100001011100111110011101 + 101?
100001011100111110100010
In base 8, what is 3260355 + -10?
3260345
In base 16, what is 6 - -1fb1af?
1fb1b5
In base 9, what is 458 - 231262?
-230703
In base 2, what is -10011001001000011100 + -1?
-10011001001000011101
In base 5, what is 110 + -2121334?
-2121224
In base 15, what is -8 + 39c66?
39c5d
In base 14, what is -17d056 - 29?
-17d081
In base 4, what is -1131220 - 3030012?
-10221232
In base 10, what is -471751 + -2?
-471753
In base 11, what is 5 + 3384788?
3384792
In base 16, what is -889c + -30c?
-8ba8
In base 15, what is -296ab77 - -1b?
-296ab5b
In base 9, what is 14444604 - 6?
14444587
In base 16, what is -a2a6 - -18a?
-a11c
In base 16, what is -1c7 + -32f3?
-34ba
In base 10, what is 5 - -53550726?
53550731
In base 16, what is ba3ec + c?
ba3f8
In base 9, what is -35 + 2118386?
2118351
In base 12, what is 34938 - 9733?
27205
In base 7, what is -12511 + -3213?
-16024
In base 14, what is 2c0196d - 3?
2c0196a
In base 12, what is -49a - -26296?
259b8
In base 8, what is 165741 - 555?
165164
In base 2,